
-3726
In base 2, what is -1011100000 - 110100110?
-10010000110
In base 2, what is 1 + 11011000001011?
11011000001100
In base 15, what is ed + 230?
32d
In base 5, what is 143 - -2013?
2211
In base 2, what is 0 - -11010111000101000?
11010111000101000
In base 3, what is -11 + -10102220120?
-10102220201
In base 16, what is b8d - 0?
b8d
In base 14, what is -12130 - -3?
-1212b
In base 6, what is -41 + 122431?
122350
In base 13, what is 3 + 178a?
1790
In base 4, what is 3032 + -21212?
-12120
In base 10, what is -50963 - -5?
-50958
In base 9, what is 5 - -23383?
23388
In base 3, what is 11221 - -210?
12201
In base 2, what is -1101001010010100001 - -101?
-1101001010010011100
In base 7, what is 5 + -1102145?
-1102140
In base 7, what is 0 - 10652046?
-10652046
In base 14, what is 205c0 - 5?
205b9
In base 9, what is 388 - -558?
1057
In base 11, what is -3 + -22476?
-22479
In base 3, what is 12002102 + -11212?
11220120
In base 13, what is 41a - -24?
441
In base 13, what is -1b605 + -5?
-1b60a
In base 13, what is 10 - -2337?
2347
In base 12, what is a - 4301?
-42b3
In base 8, what is -450 + 512?
42
In base 15, what is -63 + 9e?
3b
In base 13, what is c - -6a366?
6a375
In base 15, what is -1ca4 - b?
-1cb0
In base 7, what is -2333 - -363?
-1640
In base 16, what is -3101 - -2?
-30ff
In base 15, what is 908 + 8?
911
In base 2, what is -1011 - 1011101110?
-1011111001
In base 2, what is 11010 + -1101111101?
-1101100011
In base 16, what is aa2 - 19?
a89
In base 7, what is 13 - -1061?
1104
In base 3, what is -20 - 1020012202?
-1020012222
In base 11, what is -546a + -20?
-548a
In base 6, what is -203315 - -15?
-203300
In base 2, what is 101100111011 + 1111000?
101110110011
In base 3, what is 120 + 12111112?
12112002
In base 10, what is -12099 + -3?
-12102
In base 15, what is ad7 - 0?
ad7
In base 15, what is -28b9c0 + 4?
-28b9bb
In base 3, what is -2 + -2002211211?
-2002211220
In base 10, what is 1769 + -102?
1667
In base 11, what is 26 + -2903?
-2888
In base 14, what is 5 - -53b8b?
53b92
In base 9, what is 0 + 6318?
6318
In base 8, what is 5 - 366754?
-366747
In base 6, what is 3 + -251500?
-251453
In base 4, what is 312221112 - 1?
312221111
In base 15, what is 1a981 - -1?
1a982
In base 4, what is 20 - 113122231?
-113122211
In base 2, what is -11010 + -110011111?
-110111001
In base 6, what is 10 - -4004?
4014
In base 6, what is -145422 + -35?
-145501
In base 12, what is 0 + 585676?
585676
In base 6, what is -3 - -15354055?
15354052
In base 2, what is -1 - -111111110100101?
111111110100100
In base 12, what is -4 + 15561?
15559
In base 12, what is 8 - 30041?
-30035
In base 16, what is -1 + -112c?
-112d
In base 4, what is 23 + -12222003?
-12221320
In base 11, what is -2 + 146497?
146495
In base 4, what is -233131 - -110?
-233021
In base 15, what is -8 - 2cd8?
-2ce1
In base 13, what is 109367 - -12?
109379
In base 9, what is 7458 - -88?
7557
In base 7, what is -325 - -611?
253
In base 5, what is 1041140000 + -2?
1041134443
In base 15, what is -3 - -594?
591
In base 2, what is 11001101000 + 10101?
11001111101
In base 10, what is 5332 - 29?
5303
In base 7, what is -214325 + 0?
-214325
In base 13, what is 905 + -1?
904
In base 3, what is 1000001 - 10110111?
-2110110
In base 15, what is -5 - -3a564?
3a55e
In base 4, what is -201300010 + -1?
-201300011
In base 12, what is -4884 + 3?
-4881
In base 7, what is -336264 - -3?
-336261
In base 9, what is 27 + -3566?
-3538
In base 15, what is 219 - 7d?
18b
In base 14, what is 48 - 8c0?
-876
In base 13, what is 666 - -109?
772
In base 15, what is 26 - 18c?
-166
In base 7, what is 13 - -1254062?
1254105
In base 13, what is -2 - -10b7?
10b5
In base 6, what is 1051222 + -1?
1051221
In base 15, what is 13 - -1ab1?
1ac4
In base 14, what is -19 - -2ac?
293
In base 12, what is 57821 - 2a?
577b3
In base 5, what is -1033242 - 23?
-1033320
In base 5, what is -11442 - 300?
-12242
In base 13, what is 1 - 5172?
-5171
In base 3, what is 2020 - -1102120?
1111210
In base 13, what is -4b6 - 2c3?
-7a9
In base 2, what is 10001001101110111 - -10100?
10001001110001011
In base 8, what is 11 - 13654?
-13643
In base 5, what is -12102 - 33110?
-100212
In base 11, what is -71096 - -5?
-71091
In base 7, what is 24 + -24636?
-24612
In base 7, what is -12261 - 32?
-12323
In base 14, what is -564 + 23?
-541
In base 14, what is -208 - -84a?
642
In base 9, what is 1 - 131066?
-131065
In base 8, what is -105 - 3305?
-3412
In base 2, what is 1000111110110110101 - 1?
1000111110110110100
In base 5, what is -1 + -2404443?
-2404444
In base 6, what is 1 + 1405311?
1405312
In base 11, what is 4374 + -2?
4372
In base 12, what is b - -746?
755
In base 13, what is -6a + -765?
-802
In base 4, what is -10 - 2311121?
-2311131
In base 9, what is 652 - 244?
407
In base 14, what is -5 - 1a3c12?
-1a3c17
In base 16, what is 4bd8e + 2?
4bd90
In base 3, what is -10110 - 102011?
-112121
In base 11, what is -1 + 41630?
4162a
In base 6, what is 3 - -2111411?
2111414
In base 14, what is -5 + -2993?
-2998
In base 5, what is -41130434 + -4?
-41130443
In base 8, what is 45 + -15165?
-15120
In base 2, what is -1001101010 + -110001100011?
-111011001101
In base 2, what is -1110100 + -10110110000?
-11000100100
In base 14, what is 56 - 145c?
-1406
In base 4, what is 302112012 + 103?
302112121
In base 11, what is -10 - 16987?
-16997
In base 10, what is -4015 - 32?
-4047
In base 13, what is -31ac + 20?
-318c
In base 14, what is 6b - -210?
27b
In base 10, what is 67 - 1649?
-1582
In base 16, what is -12478c - -2?
-12478a
In base 9, what is -573 - 25?
-608
In base 10, what is -606 + 361?
-245
In base 6, what is 1 - -1210234?
1210235
In base 8, what is -32 - 4311?
-4343
In base 10, what is 0 + 635?
635
In base 14, what is 404 - -41?
445
In base 8, what is 163456 - 3?
163453
In base 10, what is 48 - -1334?
1382
In base 9, what is -1476228 - 2?
-1476231
In base 3, what is -101 + 222200220?
222200112
In base 3, what is 2021201100 + 21?
2021201121
In base 16, what is 18322 - 0?
18322
In base 7, what is 5 + 305006?
305014
In base 4, what is 113302 - -112?
120020
In base 11, what is 3 - 21038?
-21035
In base 14, what is 62c - 31?
5db
In base 7, what is -14625 - -162?
-14433
In base 11, what is -20 + -3418?
-3438
In base 12, what is -99 + -5b?
-138
In base 14, what is 135b5 + 0?
135b5
In base 9, what is -1156 + 3?
-1153
In base 3, what is -20101 - 11111?
-101212
In base 6, what is -312322 - -4?
-312314
In base 10, what is 2 + -10753?
-10751
In base 4, what is 3 - -1103231213?
1103231222
In base 11, what is 153015 + -3?
153012
In base 12, what is -64b64 + -3?
-64b67
In base 5, what is 114224 - 223?
114001
In base 2, what is -11000100110001101110 + -1001?
-11000100110001110111
In base 6, what is -403025 + -13?
-403042
In base 15, what is -3 + -6088?
-608b
In base 9, what is 65125 - 3?
65122
In base 10, what is 16 + -11692?
-11676
In base 13, what is 8b6 + -1550?
-967
In base 15, what is -dd2b + -4?
-dd30
In base 2, what is -1011001000 - -10101001100?
1010000100
In base 11, what is -19 - -50882?
50864
In base 11, what is 564 + 332?
896
In base 3, what is -2 - -2000000111211?
2000000111202
In base 2, what is 1001000101 - 100011?
1000100010
In base 12, what is 18 - -3a40?
3a58
In base 16, what is -7d09 + -e?
-7d17
In base 7, what is -3 - -14353?
14350
In base 13, what is 99 - 39?
60
In base 7, what is -2 - -246164?
246162
In base 14, what is 825b - 9?
8252
In base 8, what is 23 - 4036?
-4013
In base 9, what is -10520 - 2?
-10522
In base 11, what is 5 + 192227?
192231
In base 14, what is 11b - -ab?
1c8
In base 6, what is -1533112 + -5?
-1533121
In base 6, what is -51100 - -122?
-50534
In base 4, what is 1032022 + -2?
1032020
In base 6, what is -1040343 - -4?
-1040335
In base 6, what is -302 + 14102?
13400
In base 12, what is -8 + 1346?
133a
In base 13, what is 10 + -19519?
-19509
In base 3, what is -2011110111 + -101?
-2011110212
In base 2, what is -100100110000100100 - 1?
-100100110000100101
In base 2, what is 111010011100010010 + 1001?
111010011100011011
In base 11, what is -1 + -a532?
-a533
In base 6, what is -155140 - 1?
-155141
In base 9, what is -4 - 423622?
-423626
In base 3, what is -10 + -200200212?
-200200222
In base 6, what is 3051355 + -1?
3051354
In base 15, what is -583 + 6?
-57c
In base 4, what